{"id":785,"date":"2025-03-25T06:10:53","date_gmt":"2025-03-25T06:10:53","guid":{"rendered":"https:\/\/kh-troemel.de\/gewerbe\/?page_id=785"},"modified":"2026-04-17T09:13:03","modified_gmt":"2026-04-17T09:13:03","slug":"impressum","status":"publish","type":"page","link":"https:\/\/kh-troemel.de\/gewerbe\/impressum\/","title":{"rendered":"Impressum"},"content":{"rendered":"\t\t<div data-elementor-type=\"wp-page\" data-elementor-id=\"785\" class=\"elementor elementor-785\" data-elementor-post-type=\"page\">\n\t\t\t\t<div class=\"elementor-element elementor-element-7f28f21 e-flex e-con-boxed e-con e-parent\" data-id=\"7f28f21\" data-element_type=\"container\">\n\t\t\t\t\t<div class=\"e-con-inner\">\n\t\t<div class=\"elementor-element elementor-element-e21275f e-con-full e-flex e-con e-child\" data-id=\"e21275f\" data-element_type=\"container\">\n\t\t\t\t<div class=\"elementor-element elementor-element-fb6bb57 elementor-widget elementor-widget-heading\" data-id=\"fb6bb57\" data-element_type=\"widget\" data-widget_type=\"heading.default\">\n\t\t\t\t<div class=\"elementor-widget-container\">\n\t\t\t\t\t<h1 class=\"elementor-heading-title elementor-size-default\">Impressum<\/h1>\t\t\t\t<\/div>\n\t\t\t\t<\/div>\n\t\t\t\t<div class=\"elementor-element elementor-element-a974683 elementor-widget elementor-widget-text-editor\" data-id=\"a974683\" data-element_type=\"widget\" data-widget_type=\"text-editor.default\">\n\t\t\t\t<div class=\"elementor-widget-container\">\n\t\t\t\t\t\t\t\t\tTr\u00f6mel Recycling GmbH &amp; Co. KG<br>\n<a href=\"https:\/\/maps.app.goo.gl\/323XuG62uVfXbuqG6\" target=\"_blank\" rel=\"noopener\">Bahnhofstra\u00dfe 26<br>\n34396 Liebenau<br>\nDeutschland<\/a>\t\t\t\t\t\t\t\t<\/div>\n\t\t\t\t<\/div>\n\t\t\t\t<div class=\"elementor-element elementor-element-9aaffea elementor-widget elementor-widget-text-editor\" data-id=\"9aaffea\" data-element_type=\"widget\" data-widget_type=\"text-editor.default\">\n\t\t\t\t<div class=\"elementor-widget-container\">\n\t\t\t\t\t\t\t\t\tHandelsregister: HRB 19149<br>\nRegistergericht: Kassel\t\t\t\t\t\t\t\t<\/div>\n\t\t\t\t<\/div>\n\t\t\t\t<div class=\"elementor-element elementor-element-60ffd21 elementor-widget elementor-widget-text-editor\" data-id=\"60ffd21\" data-element_type=\"widget\" data-widget_type=\"text-editor.default\">\n\t\t\t\t<div class=\"elementor-widget-container\">\n\t\t\t\t\t\t\t\t\t<strong>Vertreten durch:<\/strong><br>\nAndreas Tr\u00f6mel\t\t\t\t\t\t\t\t<\/div>\n\t\t\t\t<\/div>\n\t\t\t\t<div class=\"elementor-element elementor-element-667c48b elementor-widget elementor-widget-heading\" data-id=\"667c48b\" data-element_type=\"widget\" data-widget_type=\"heading.default\">\n\t\t\t\t<div class=\"elementor-widget-container\">\n\t\t\t\t\t<h2 class=\"elementor-heading-title elementor-size-default\">Kontakt<\/h2>\t\t\t\t<\/div>\n\t\t\t\t<\/div>\n\t\t\t\t<div class=\"elementor-element elementor-element-363e96a elementor-widget elementor-widget-text-editor\" data-id=\"363e96a\" data-element_type=\"widget\" data-widget_type=\"text-editor.default\">\n\t\t\t\t<div class=\"elementor-widget-container\">\n\t\t\t\t\t\t\t\t\tTelefon: <a href=\"tel:+491729699991\">0172 9699991<\/a><br>\nTelefax: <a href=\"tel:+4956763189546\">05676 3189546<\/a><br>\nE-Mail: <a href=\"mailto:info@kh-troemel.de\">info@kh-troemel.de<\/a>\t\t\t\t\t\t\t\t<\/div>\n\t\t\t\t<\/div>\n\t\t\t\t<div class=\"elementor-element elementor-element-70eac7f elementor-widget elementor-widget-heading\" data-id=\"70eac7f\" data-element_type=\"widget\" data-widget_type=\"heading.default\">\n\t\t\t\t<div class=\"elementor-widget-container\">\n\t\t\t\t\t<h2 class=\"elementor-heading-title elementor-size-default\">Umsatzsteuer-ID<\/h2>\t\t\t\t<\/div>\n\t\t\t\t<\/div>\n\t\t\t\t<div class=\"elementor-element elementor-element-1d2c511 elementor-widget elementor-widget-text-editor\" data-id=\"1d2c511\" data-element_type=\"widget\" data-widget_type=\"text-editor.default\">\n\t\t\t\t<div class=\"elementor-widget-container\">\n\t\t\t\t\t\t\t\t\tUmsatzsteuer-Identifikationsnummer gem\u00e4\u00df \u00a7 27 a Umsatzsteuergesetz:\n<br>DE359129270\t\t\t\t\t\t\t\t<\/div>\n\t\t\t\t<\/div>\n\t\t\t\t<div class=\"elementor-element elementor-element-f838281 elementor-widget elementor-widget-heading\" data-id=\"f838281\" data-element_type=\"widget\" data-widget_type=\"heading.default\">\n\t\t\t\t<div class=\"elementor-widget-container\">\n\t\t\t\t\t<h2 class=\"elementor-heading-title elementor-size-default\">Redaktionell verantwortlich<\/h2>\t\t\t\t<\/div>\n\t\t\t\t<\/div>\n\t\t\t\t<div class=\"elementor-element elementor-element-0ad209c elementor-widget elementor-widget-text-editor\" data-id=\"0ad209c\" data-element_type=\"widget\" data-widget_type=\"text-editor.default\">\n\t\t\t\t<div class=\"elementor-widget-container\">\n\t\t\t\t\t\t\t\t\tHerr Andreas Tr\u00f6mel\t\t\t\t\t\t\t\t<\/div>\n\t\t\t\t<\/div>\n\t\t\t\t<div class=\"elementor-element elementor-element-595847d elementor-widget elementor-widget-heading\" data-id=\"595847d\" data-element_type=\"widget\" data-widget_type=\"heading.default\">\n\t\t\t\t<div class=\"elementor-widget-container\">\n\t\t\t\t\t<h2 class=\"elementor-heading-title elementor-size-default\">Angaben zur Berufshaftpflichtversicherung<\/h2>\t\t\t\t<\/div>\n\t\t\t\t<\/div>\n\t\t\t\t<div class=\"elementor-element elementor-element-4464942 elementor-widget elementor-widget-text-editor\" data-id=\"4464942\" data-element_type=\"widget\" data-widget_type=\"text-editor.default\">\n\t\t\t\t<div class=\"elementor-widget-container\">\n\t\t\t\t\t\t\t\t\t<strong>Name und Sitz des Versicherers:<\/strong><br>\nR+V Allgemeine Versicherung AG<br>\nRaiffeisenplatz 1, 65189 Wiesbaden<br>\nDeutschland\t\t\t\t\t\t\t\t<\/div>\n\t\t\t\t<\/div>\n\t\t\t\t<div class=\"elementor-element elementor-element-a0aac65 elementor-widget elementor-widget-text-editor\" data-id=\"a0aac65\" data-element_type=\"widget\" data-widget_type=\"text-editor.default\">\n\t\t\t\t<div class=\"elementor-widget-container\">\n\t\t\t\t\t\t\t\t\t<strong>Geltungsraum der Versicherung:<\/strong><br>\nDeutschland\t\t\t\t\t\t\t\t<\/div>\n\t\t\t\t<\/div>\n\t\t\t\t<div class=\"elementor-element elementor-element-c708ab1 elementor-widget elementor-widget-heading\" data-id=\"c708ab1\" data-element_type=\"widget\" data-widget_type=\"heading.default\">\n\t\t\t\t<div class=\"elementor-widget-container\">\n\t\t\t\t\t<h2 class=\"elementor-heading-title elementor-size-default\">Verbraucher\u00adstreit\u00adbeilegung\/Universal\u00adschlichtungs\u00adstelle<\/h2>\t\t\t\t<\/div>\n\t\t\t\t<\/div>\n\t\t\t\t<div class=\"elementor-element elementor-element-cad04ad elementor-widget elementor-widget-text-editor\" data-id=\"cad04ad\" data-element_type=\"widget\" data-widget_type=\"text-editor.default\">\n\t\t\t\t<div class=\"elementor-widget-container\">\n\t\t\t\t\t\t\t\t\tWir sind nicht bereit oder verpflichtet, an Streitbeilegungsverfahren vor einer Verbraucherschlichtungsstelle teilzunehmen.\t\t\t\t\t\t\t\t<\/div>\n\t\t\t\t<\/div>\n\t\t\t\t<div class=\"elementor-element elementor-element-8de57a9 elementor-widget elementor-widget-heading\" data-id=\"8de57a9\" data-element_type=\"widget\" data-widget_type=\"heading.default\">\n\t\t\t\t<div class=\"elementor-widget-container\">\n\t\t\t\t\t<h2 class=\"elementor-heading-title elementor-size-default\">Zentrale Kontaktstelle nach dem Digital Services Act - DSA (Verordnung (EU) 2022\/265)<\/h2>\t\t\t\t<\/div>\n\t\t\t\t<\/div>\n\t\t\t\t<div class=\"elementor-element elementor-element-469387b elementor-widget elementor-widget-text-editor\" data-id=\"469387b\" data-element_type=\"widget\" data-widget_type=\"text-editor.default\">\n\t\t\t\t<div class=\"elementor-widget-container\">\n\t\t\t\t\t\t\t\t\t<p>Unsere zentrale Kontaktstelle f\u00fcr Nutzer und Beh\u00f6rden nach Art. 11, 12 DSA erreichen Sie wie folgt:<\/p><p>E-Mail:<a href=\"mailto:info@kh-troemel.de\"> info@kh-troemel.de<\/a><br \/>Telefon: <a href=\"tel:+491729699991\">0172 9699991<\/a><\/p><p>Die f\u00fcr den Kontakt zur Verf\u00fcgung stehenden Sprachen sind: Deutsch, Englisch.<\/p>\t\t\t\t\t\t\t\t<\/div>\n\t\t\t\t<\/div>\n\t\t\t\t<\/div>\n\t\t\t\t\t<\/div>\n\t\t\t\t<\/div>\n\t\t\t\t<\/div>\n\t\t","protected":false},"excerpt":{"rendered":"<p>Impressum Tr\u00f6mel Recycling GmbH &amp; Co. KG Bahnhofstra\u00dfe 26 34396 Liebenau DeutschlandHandelsregister: HRB 19149 Registergericht: KasselVertreten durch: Andreas Tr\u00f6mel Kontakt [&hellip;]<\/p>\n","protected":false},"author":1,"featured_media":0,"parent":0,"menu_order":0,"comment_status":"closed","ping_status":"closed","template":"elementor_header_footer","meta":{"site-sidebar-layout":"no-sidebar","site-content-layout":"","ast-site-content-layout":"full-width-container","site-content-style":"unboxed","site-sidebar-style":"unboxed","ast-global-header-display":"","ast-banner-title-visibility":"","ast-main-header-display":"","ast-hfb-above-header-display":"","ast-hfb-below-header-display":"","ast-hfb-mobile-header-display":"","site-post-title":"disabled","ast-breadcrumbs-content":"","ast-featured-img":"disabled","footer-sml-layout":"","theme-transparent-header-meta":"disabled","adv-header-id-meta":"","stick-header-meta":"","header-above-stick-meta":"","header-main-stick-meta":"","header-below-stick-meta":"","astra-migrate-meta-layouts":"default","ast-page-background-enabled":"default","ast-page-background-meta":{"desktop":{"background-color":"var(--ast-global-color-5)","background-image":"","background-repeat":"repeat","background-position":"center center","background-size":"auto","background-attachment":"scroll","background-type":"","background-media":"","overlay-type":"","overlay-color":"","overlay-opacity":"","overlay-gradient":""},"tablet":{"background-color":"","background-image":"","background-repeat":"repeat","background-position":"center center","background-size":"auto","background-attachment":"scroll","background-type":"","background-media":"","overlay-type":"","overlay-color":"","overlay-opacity":"","overlay-gradient":""},"mobile":{"background-color":"","background-image":"","background-repeat":"repeat","background-position":"center center","background-size":"auto","background-attachment":"scroll","background-type":"","background-media":"","overlay-type":"","overlay-color":"","overlay-opacity":"","overlay-gradient":""}},"ast-content-background-meta":{"desktop":{"background-color":"var(--ast-global-color-4)","background-image":"","background-repeat":"repeat","background-position":"center center","background-size":"auto","background-attachment":"scroll","background-type":"","background-media":"","overlay-type":"","overlay-color":"","overlay-opacity":"","overlay-gradient":""},"tablet":{"background-color":"var(--ast-global-color-4)","background-image":"","background-repeat":"repeat","background-position":"center center","background-size":"auto","background-attachment":"scroll","background-type":"","background-media":"","overlay-type":"","overlay-color":"","overlay-opacity":"","overlay-gradient":""},"mobile":{"background-color":"var(--ast-global-color-4)","background-image":"","background-repeat":"repeat","background-position":"center center","background-size":"auto","background-attachment":"scroll","background-type":"","background-media":"","overlay-type":"","overlay-color":"","overlay-opacity":"","overlay-gradient":""}},"footnotes":""},"class_list":["post-785","page","type-page","status-publish","hentry"],"acf":[],"yoast_head":"<!-- This site is optimized with the Yoast SEO plugin v26.3 - https:\/\/yoast.com\/wordpress\/plugins\/seo\/ -->\n<title>Impressum - kh-troemel Gewerbe<\/title>\n<meta name=\"robots\" content=\"index, follow, max-snippet:-1, max-image-preview:large, max-video-preview:-1\" \/>\n<link rel=\"canonical\" href=\"https:\/\/kh-troemel.de\/gewerbe\/impressum\/\" \/>\n<meta property=\"og:locale\" content=\"de_DE\" \/>\n<meta property=\"og:type\" content=\"article\" \/>\n<meta property=\"og:title\" content=\"Impressum - kh-troemel Gewerbe\" \/>\n<meta property=\"og:description\" content=\"Impressum Tr\u00f6mel Recycling GmbH &amp; Co. KG Bahnhofstra\u00dfe 26 34396 Liebenau DeutschlandHandelsregister: HRB 19149 Registergericht: KasselVertreten durch: Andreas Tr\u00f6mel Kontakt [&hellip;]\" \/>\n<meta property=\"og:url\" content=\"https:\/\/kh-troemel.de\/gewerbe\/impressum\/\" \/>\n<meta property=\"og:site_name\" content=\"kh-troemel Gewerbe\" \/>\n<meta property=\"article:modified_time\" content=\"2026-04-17T09:13:03+00:00\" \/>\n<meta name=\"twitter:card\" content=\"summary_large_image\" \/>\n<meta name=\"twitter:label1\" content=\"Gesch\u00e4tzte Lesezeit\" \/>\n\t<meta name=\"twitter:data1\" content=\"1\u00a0Minute\" \/>\n<script type=\"application\/ld+json\" class=\"yoast-schema-graph\">{\"@context\":\"https:\/\/schema.org\",\"@graph\":[{\"@type\":\"WebPage\",\"@id\":\"https:\/\/kh-troemel.de\/gewerbe\/impressum\/\",\"url\":\"https:\/\/kh-troemel.de\/gewerbe\/impressum\/\",\"name\":\"Impressum - kh-troemel Gewerbe\",\"isPartOf\":{\"@id\":\"https:\/\/kh-troemel.de\/gewerbe\/#website\"},\"datePublished\":\"2025-03-25T06:10:53+00:00\",\"dateModified\":\"2026-04-17T09:13:03+00:00\",\"breadcrumb\":{\"@id\":\"https:\/\/kh-troemel.de\/gewerbe\/impressum\/#breadcrumb\"},\"inLanguage\":\"de\",\"potentialAction\":[{\"@type\":\"ReadAction\",\"target\":[\"https:\/\/kh-troemel.de\/gewerbe\/impressum\/\"]}]},{\"@type\":\"BreadcrumbList\",\"@id\":\"https:\/\/kh-troemel.de\/gewerbe\/impressum\/#breadcrumb\",\"itemListElement\":[{\"@type\":\"ListItem\",\"position\":1,\"name\":\"Home\",\"item\":\"https:\/\/kh-troemel.de\/gewerbe\/\"},{\"@type\":\"ListItem\",\"position\":2,\"name\":\"Impressum\"}]},{\"@type\":\"WebSite\",\"@id\":\"https:\/\/kh-troemel.de\/gewerbe\/#website\",\"url\":\"https:\/\/kh-troemel.de\/gewerbe\/\",\"name\":\"kh-troemel Gewerbe\",\"description\":\"\",\"publisher\":{\"@id\":\"https:\/\/kh-troemel.de\/gewerbe\/#organization\"},\"potentialAction\":[{\"@type\":\"SearchAction\",\"target\":{\"@type\":\"EntryPoint\",\"urlTemplate\":\"https:\/\/kh-troemel.de\/gewerbe\/?s={search_term_string}\"},\"query-input\":{\"@type\":\"PropertyValueSpecification\",\"valueRequired\":true,\"valueName\":\"search_term_string\"}}],\"inLanguage\":\"de\"},{\"@type\":\"Organization\",\"@id\":\"https:\/\/kh-troemel.de\/gewerbe\/#organization\",\"name\":\"kh-troemel Gewerbe\",\"url\":\"https:\/\/kh-troemel.de\/gewerbe\/\",\"logo\":{\"@type\":\"ImageObject\",\"inLanguage\":\"de\",\"@id\":\"https:\/\/kh-troemel.de\/gewerbe\/#\/schema\/logo\/image\/\",\"url\":\"https:\/\/kh-troemel.de\/gewerbe\/wp-content\/uploads\/2025\/05\/Troemel_Logo_oB_primary.png\",\"contentUrl\":\"https:\/\/kh-troemel.de\/gewerbe\/wp-content\/uploads\/2025\/05\/Troemel_Logo_oB_primary.png\",\"width\":388,\"height\":57,\"caption\":\"kh-troemel Gewerbe\"},\"image\":{\"@id\":\"https:\/\/kh-troemel.de\/gewerbe\/#\/schema\/logo\/image\/\"}}]}<\/script>\n<!-- \/ Yoast SEO plugin. -->","yoast_head_json":{"title":"Impressum - kh-troemel Gewerbe","robots":{"index":"index","follow":"follow","max-snippet":"max-snippet:-1","max-image-preview":"max-image-preview:large","max-video-preview":"max-video-preview:-1"},"canonical":"https:\/\/kh-troemel.de\/gewerbe\/impressum\/","og_locale":"de_DE","og_type":"article","og_title":"Impressum - kh-troemel Gewerbe","og_description":"Impressum Tr\u00f6mel Recycling GmbH &amp; Co. KG Bahnhofstra\u00dfe 26 34396 Liebenau DeutschlandHandelsregister: HRB 19149 Registergericht: KasselVertreten durch: Andreas Tr\u00f6mel Kontakt [&hellip;]","og_url":"https:\/\/kh-troemel.de\/gewerbe\/impressum\/","og_site_name":"kh-troemel Gewerbe","article_modified_time":"2026-04-17T09:13:03+00:00","twitter_card":"summary_large_image","twitter_misc":{"Gesch\u00e4tzte Lesezeit":"1\u00a0Minute"},"schema":{"@context":"https:\/\/schema.org","@graph":[{"@type":"WebPage","@id":"https:\/\/kh-troemel.de\/gewerbe\/impressum\/","url":"https:\/\/kh-troemel.de\/gewerbe\/impressum\/","name":"Impressum - kh-troemel Gewerbe","isPartOf":{"@id":"https:\/\/kh-troemel.de\/gewerbe\/#website"},"datePublished":"2025-03-25T06:10:53+00:00","dateModified":"2026-04-17T09:13:03+00:00","breadcrumb":{"@id":"https:\/\/kh-troemel.de\/gewerbe\/impressum\/#breadcrumb"},"inLanguage":"de","potentialAction":[{"@type":"ReadAction","target":["https:\/\/kh-troemel.de\/gewerbe\/impressum\/"]}]},{"@type":"BreadcrumbList","@id":"https:\/\/kh-troemel.de\/gewerbe\/impressum\/#breadcrumb","itemListElement":[{"@type":"ListItem","position":1,"name":"Home","item":"https:\/\/kh-troemel.de\/gewerbe\/"},{"@type":"ListItem","position":2,"name":"Impressum"}]},{"@type":"WebSite","@id":"https:\/\/kh-troemel.de\/gewerbe\/#website","url":"https:\/\/kh-troemel.de\/gewerbe\/","name":"kh-troemel Gewerbe","description":"","publisher":{"@id":"https:\/\/kh-troemel.de\/gewerbe\/#organization"},"potentialAction":[{"@type":"SearchAction","target":{"@type":"EntryPoint","urlTemplate":"https:\/\/kh-troemel.de\/gewerbe\/?s={search_term_string}"},"query-input":{"@type":"PropertyValueSpecification","valueRequired":true,"valueName":"search_term_string"}}],"inLanguage":"de"},{"@type":"Organization","@id":"https:\/\/kh-troemel.de\/gewerbe\/#organization","name":"kh-troemel Gewerbe","url":"https:\/\/kh-troemel.de\/gewerbe\/","logo":{"@type":"ImageObject","inLanguage":"de","@id":"https:\/\/kh-troemel.de\/gewerbe\/#\/schema\/logo\/image\/","url":"https:\/\/kh-troemel.de\/gewerbe\/wp-content\/uploads\/2025\/05\/Troemel_Logo_oB_primary.png","contentUrl":"https:\/\/kh-troemel.de\/gewerbe\/wp-content\/uploads\/2025\/05\/Troemel_Logo_oB_primary.png","width":388,"height":57,"caption":"kh-troemel Gewerbe"},"image":{"@id":"https:\/\/kh-troemel.de\/gewerbe\/#\/schema\/logo\/image\/"}}]}},"_links":{"self":[{"href":"https:\/\/kh-troemel.de\/gewerbe\/wp-json\/wp\/v2\/pages\/785","targetHints":{"allow":["GET"]}}],"collection":[{"href":"https:\/\/kh-troemel.de\/gewerbe\/wp-json\/wp\/v2\/pages"}],"about":[{"href":"https:\/\/kh-troemel.de\/gewerbe\/wp-json\/wp\/v2\/types\/page"}],"author":[{"embeddable":true,"href":"https:\/\/kh-troemel.de\/gewerbe\/wp-json\/wp\/v2\/users\/1"}],"replies":[{"embeddable":true,"href":"https:\/\/kh-troemel.de\/gewerbe\/wp-json\/wp\/v2\/comments?post=785"}],"version-history":[{"count":40,"href":"https:\/\/kh-troemel.de\/gewerbe\/wp-json\/wp\/v2\/pages\/785\/revisions"}],"predecessor-version":[{"id":8902,"href":"https:\/\/kh-troemel.de\/gewerbe\/wp-json\/wp\/v2\/pages\/785\/revisions\/8902"}],"wp:attachment":[{"href":"https:\/\/kh-troemel.de\/gewerbe\/wp-json\/wp\/v2\/media?parent=785"}],"curies":[{"name":"wp","href":"https:\/\/api.w.org\/{rel}","templated":true}]}}